9*d - 205. What is l(13)?
-75
Let o(v) = v**3 + 17*v**2 + 31*v + 4. Give o(-15).
-11
Let g(x) = -3*x**3 + 16*x**2 + 41*x - 182. Give g(6).
-8
Let k(x) = -4*x**3 - 37*x**2 + 2*x + 15. What is k(-9)?
-84
Let x(i) = i**2 - 2*i - 626. What is x(32)?
334
Let p(c) = -513*c + 3564. Calculate p(7).
-27
Let q(b) = -b**3 + 6*b**2 + 81*b + 32. What is q(-6)?
-22
Let b(c) = 141*c + 671. Calculate b(3).
1094
Let p(x) = x**3 - 6*x**2 - 9*x - 61. What is p(8)?
-5
Let z(h) = -h**3 + 3*h**2 + 6*h + 7. Determine z(5).
-13
Let v(w) = -38*w**2 + 27*w - 1. Determine v(1).
-12
Let r(g) = 163*g + 17245. Give r(-105).
130
Let y(q) = -239*q + 1437. Determine y(6).
3
Let i(l) = -5448*l + 43577. What is i(8)?
-7
Let a(z) = -792*z + 79992. Give a(101).
0
Let g(j) = -5*j**2 + 541*j + 998. Give g(110).
8
Let r(h) = 83*h + 183. Calculate r(8).
847
Let f(y) = 51*y + 760. Determine f(-15).
-5
Let f(i) = -352*i - 1050. What is f(-3)?
6
Let d(g) = 79*g + 311. Determine d(-4).
-5
Let h(b) = b**2 - 2802*b + 27937. Give h(10).
17
Let h(w) = w**3 - 34*w**2 - 53*w + 18. Calculate h(35).
-612
Let b(j) = -45*j + 307. Give b(5).
82
Let r(c) = 23*c**3 + c**2 - 6*c - 6. What is r(-1)?
-22
Let m(n) = -13847*n - 4. What is m(0)?
-4
Let n(c) = -3*c**3 - 11*c**2 + 10. What is n(-6)?
262
Let q(h) = 5*h**2 - 873*h + 15463. Calculate q(20).
3
Let r(l) = 211*l + 1480. Calculate r(-7).
3
Let y(x) = -x**2 + 638*x - 94194. Give y(232).
-2
Let l(p) = -p**3 - 57*p**2 + 568*p + 235. Give l(9).
1
Let t(v) = 95*v - 565. Give t(6).
5
Let m(v) = -124*v + 10044. Determine m(81).
0
Let f(t) = -t**3 + 48*t**2 + 23*t - 1127. Determine f(48).
-23
Let n(v) = -186*v + 928. Calculate n(6).
-188
Let m(v) = -2*v**3 - 36*v**2 + 41*v + 72. What is m(-19)?
15
Let v(h) = -h**3 - 81*h**2 + 81*h - 93. Calculate v(-82).
-11
Let k(c) = 5*c**2 - 157*c - 58. Calculate k(32).
38
Let q(z) = -z**2 + 32*z + 105. Calculate q(32).
105
Let b(q) = q**3 - 10*q**2 - 39*q - 37. Give b(13).
-37
Let c(r) = -29*r - 1161. Calculate c(-47).
202
Let o(t) = t**2 - 15*t - 34. Determine o(11).
-78
Let b(u) = -u**3 + 8*u - 8. Calculate b(2).
0
Let z(b) = -2*b**2 + b. What is z(0)?
0
Let m(h) = 2*h**2 - 427*h - 3107. Give m(-7).
-20
Let c(j) = -84*j - 6302. Calculate c(-75).
-2
Let n(v) = -v**2 - 119*v + 1720. Calculate n(13).
4
Let z(g) = -3*g**2 - 12*g - 31. Calculate z(-7).
-94
Let s(f) = 370*f - 305. Calculate s(2).
435
Let q(b) = b**3 - b**2 - 690*b + 2711. Calculate q(4).
-1
Let s(c) = 2*c**2 - 7*c - 208. What is s(12)?
-4
Let t(u) = -u**2 + 12*u + 195. What is t(24)?
-93
Let r(m) = 26*m + 447. Determine r(-13).
109
Let n(o) = -o**2 - 11*o + 635. Give n(22).
-91
Let s(h) = -h**2 - 18*h + 52. Determine s(-20).
12
Let t(a) = -a**3 - 11*a**2 + 11*a + 245. What is t(-12)?
257
Let i(a) = -2*a**2 + 75*a + 410. Give i(-5).
-15
Let j(v) = 2*v**2 + 52*v - 305. What is j(-31)?
5
Let q(u) = -683*u - 51196. What is q(-75)?
29
Let v(m) = m**3 - 10*m**2 - 98*m + 25. What is v(16)?
-7
Let l(d) = 2*d**2 - 25*d + 94. What is l(5)?
19
Let x(c) = 2*c**3 - 50*c**2 - 53*c + 52. What is x(26)?
26
Let o(b) = -76*b + 225. Give o(3).
-3
Let n(g) = -123*g - 11193. Give n(-91).
0
Let k(p) = -3*p**2 - 110*p - 947. What is k(-23)?
-4
Let o(p) = 2*p**2 - 18*p - 26. Give o(14).
114
Let a(n) = -2*n**2 - 2*n - 5. What is a(-1)?
-5
Let w(u) = 6*u**3 + 75*u**2 + 190*u - 12. Calculate w(-9).
-21
Let r(z) = -17*z - 230. Calculate r(2).
-264
Let w(r) = 4*r + 43. Determine w(2).
51
Let r(n) = 72*n**3 - 5*n**2 + n + 4. What is r(2)?
562
Let d(w) = -11*w**3 - 13*w**2 + 7*w + 25. Determine d(-4).
493
Let f(u) = u**2 - 35*u - 22. Give f(-8).
322
Let z(y) = -44*y**3 - y**2 - 721*y - 721. Calculate z(-1).
43
Let p(s) = -s**3 + 74*s**2 + 153*s - 118. Determine p(76).
-42
Let m(p) = p**3 - 15*p**2 - 88*p - 62. Determine m(-4).
-14
Let p(m) = 41*m - 414. Calculate p(7).
-127
Let q(v) = -355*v**2 - 3189*v - 2. Give q(-9).
-56
Let n(h) = -h**3 - 153*h**2 + 331*h + 3243. Give n(-155).
-12
Let f(v) = -208*v + 593. Determine f(3).
-31
Let t(u) = -136*u - 290. Calculate t(-2).
-18
Let p(t) = t**2 - 21*t - 266. Give p(30).
4
Let y(s) = s**3 + s**2 - 6*s + 186. What is y(0)?
186
Let c(g) = 19*g + 543. Give c(-29).
-8
Let x(w) = -388*w + 12815. Determine x(33).
11
Let t(n) = -94*n + 9014. What is t(97)?
-104
Let i(y) = -y**3 - 25*y**2 - 45*y + 37. Give i(-23).
14
Let u(z) = -22*z - 65. Give u(-4).
23
Let q(n) = n**3 + 12*n**2 + 54*n + 803. What is q(-13)?
-68
Let m(f) = 32*f - 15. Determine m(-4).
-143
Let w(p) = -p**3 + 18*p**2 - 25*p - 3. Determine w(17).
-139
Let z(h) = -103*h**3 + 4*h**2 + 12*h - 5. Give z(2).
-789
Let x(t) = 2*t**2 - 38*t + 103. Determine x(16).
7
Let r(x) = -x**3 - 7*x**2 - x - 6. Calculate r(-6).
-36
Let n(a) = -6*a**3 - 11*a**2 - 20*a + 2. Give n(-2).
46
Let t(r) = -r**3 - 57*r**2 - 258*r + 2. Calculate t(-5).
-8
Let v(l) = l**3 + 101*l**2 + 2340*l - 5. What is v(-65)?
-5
Let a(o) = -144*o + 3901. Give a(27).
13
Let x(f) = -f**3 + 5*f**2 - 24*f + 117. What is x(5)?
-3
Let o(r) = 28*r - 590. Calculate o(23).
54
Let b(a) = a**3 - 8*a**2 + 15*a - 71. What is b(7)?
-15
Let m(v) = -23*v**2 + 137*v - 75. Determine m(6).
-81
Let r(f) = -2*f**3 + 2*f**2 + 5*f + 6. Calculate r(3).
-15
Let b(c) = -2*c**3 + 22*c**2 - 114*c + 402. Give b(7).
-4
Let u(l) = -l**3 - 5*l**2 + l - 7. What is u(-6)?
23
Let i(l) = 84*l**2 - 1169*l - 93. What is i(14)?
5
Let f(w) = 20*w**2 + 1124*w - 2251. What is f(2)?
77
Let t(x) = -134*x + 1059. Give t(9).
-147
Let j(v) = 11*v**3 - 66*v**2 + 6*v - 46. Give j(6).
-10
Let i(q) = -q**2 + 15*q + 690. Calculate i(35).
-10
Let q(i) = -253*i**2 - 1. Calculate q(1).
-254
Let u(i) = 70*i - 305. Give u(8).
255
Let h(o) = o**2 + 247*o + 13764. Calculate h(-85).
-6
Let b(o) = o**3 - 68*o**2 - 70*o + 62. Calculate b(69).
-7
Let o(b) = -b**2 + 53*b + 1837. Determine o(77).
-11
Let s(t) = 6*t + 142. Determine s(-9).
88
Let p(d) = -3*d**2 - 379*d - 1229. What is p(-123)?
1
Let l(k) = -52*k - 143. Calculate l(-3).
13
Let d(a) = -105*a - 2622. What is d(-25)?
3
Let r(j) = -667*j + 24681. Give r(37).
2
Let n(x) = 329*x - 13483. Give n(41).
6
Let n(w) = 31*w + 1283. Determine n(-41).
12
Let f(z) = -z**3 - 3*z**2 + 8*z + 10. Calculate f(-4).
-6
Let c(o) = o**3 - 20*o**2 - 49*o - 12. Give c(22).
-122
Let n(i) = i**2 + 14*i + 14. What is n(-10)?
-26
Let c(u) = -2*u**3 + 36*u**2 - 46*u + 239. Determine c(17).
35
Let v(f) = -974*f + 6943. Give v(7).
125
Let i(r) = r**3 + 51*r**2 - 6*r - 101. Calculate i(-51).
205
Let g(x) = -3*x**2 + 2*x + 688. Determine g(15).
43
Let b(i) = 679*i + 5553. What is b(-8)?
121
Let d(g) = g**3 - 71*g**2 + 144*g - 413. Determine d(69).
1
Let w(u) = -202*u**2 - 1007*u + 1. Give w(-5).
-14
Let h(u) = 16900*u + 84497. Determine h(-5).
-3
Let o(g) = 16435*g + 98580. Determine o(-6).
-30
Let g(t) = 2*t**3 - 51*t**2 + 69*t + 10. Determine g(24).
-62
Let u(l) = -39*l**2 + l - 3. Give u(1).
-41
Let r(u) = u**3 - 10*u**2 - 135*u + 72. Calculate r(-8).
0
Let r(k) = k**3 + 63*k**2 + k + 47. Determine r(-63).
-16
Let t(m) = -2*m**3 - 60*m**2 - 292*m - 39. Determine t(-6).
-15
Let p(v) = -8221*v - 73996. Calculate p(-9).
-7
Let q(v) = 433*v - 2163. What is q(5)?
2
Let a(u) = u - 55. Determine a(44).
-11
Let i(w) = -2*w**2 + 50*w + 309. Calculate i(-5).
9
Let b(u) = -38*u**2 + 51*u + 4. Give b(4).
-400
Let h(c) = -c**2 + 4*c + 498. Determine h(25).
-27
Let p(c) = -20*c**2 + 257*c + 21. Give p(13).
-18
Let n(k) = 24*k - 820. Calculate n(34).
-4
Let t(l) = -13*l**2 + 260*l + 23. Determine t(19).
270
Let t(m) = -16*m**2 + 30*m + 21. Calculate t(5).
-229
Let g(a) = -a**3 - 31*a**2 + a + 133. What is g(-31)?
102
Let c(p) = p**2 - 3*p + 26. Determine c(7).
54
Let b(j) = -j**3 - 80*j**2 - 237*j + 60. Give b(-77).
522
Let w(g) = -463*g + 32881. Determine w(71).
8
Let r(s) = 2*s**3 - 7*s**2 + 108*s - 437. Give r(4).
11
Let a(c) = -11*c**3 + 59*c**2 + 54*c - 81. What is a(6)?
-9
Let z(w) = 35*w + 587. What is z(-7)?
342
Let w(a) = 217*a + 1388. Give w(-8).
-348
Let y(d) = 295*d + 19. Determine y(0).
19
Let b(o) = -o**3 + 2*o**2 - o - 10. Determine b(4).
-46
Let t(a) = -a**3 + 14*a**2 + 5*a + 93. Give t(15).
-57
Let p(r) = 2*r**2 - 30*r - 100. Give p(17).
-32
Let q(c) = -c**2 + 3035*c - 24219. Give q(8).
-3
Let a(b) = 2*b**3 + 8*b**2 - 155*b. Give a(7).
-7
Let b(i) = 229